s the greatest common divisor of 630 and 82749780?
90
Calculate the greatest common factor of 8947470 and 50.
10
Calculate the greatest common divisor of 6692655 and 3477.
57
Calculate the greatest common divisor of 144 and 292877028.
36
What is the highest common factor of 81361 and 626108?
413
Calculate the greatest common divisor of 15334835 and 1110.
185
What is the greatest common factor of 1915 and 1851580945?
1915
Calculate the highest common divisor of 18980 and 39860.
20
Calculate the highest common divisor of 51 and 1395836051.
17
What is the greatest common factor of 60457657 and 221?
13
Calculate the highest common divisor of 1429219 and 55.
11
What is the highest common divisor of 99070722 and 108?
54
What is the highest common factor of 18012 and 87415238?
3002
What is the greatest common divisor of 43 and 854883?
43
Calculate the highest common divisor of 2343928 and 400.
8
Calculate the highest common divisor of 5242 and 2097937514.
5242
What is the greatest common factor of 173382 and 1377066?
222
Calculate the highest common factor of 83057410 and 1445.
85
What is the greatest common factor of 268375 and 226575?
475
What is the greatest common factor of 153965 and 112?
7
What is the greatest common factor of 5359 and 695497?
23
What is the greatest common divisor of 110283 and 1899?
3
Calculate the highest common factor of 5292 and 60088602.
294
Calculate the highest common factor of 8743240 and 367400.
440
What is the highest common factor of 32 and 54180120?
8
Calculate the greatest common divisor of 12894 and 1363387.
307
Calculate the greatest common factor of 519739 and 3866756.
1277
What is the greatest common factor of 7371 and 9156?
21
Calculate the greatest common divisor of 9166 and 587.
1
What is the greatest common divisor of 509 and 59992776?
509
Calculate the highest common factor of 50399 and 41915.
101
What is the greatest common divisor of 12483 and 43289?
73
What is the greatest common factor of 1611655488 and 8466?
8466
What is the greatest common divisor of 849232314 and 2142?
2142
Calculate the highest common divisor of 242648 and 633856.
4952
Calculate the greatest common factor of 6325 and 1118667.
11
Calculate the greatest common factor of 135 and 203096025.
135
What is the greatest common factor of 23 and 40170512?
23
What is the greatest common divisor of 33696553 and 1133?
1133
What is the highest common factor of 89 and 589371617?
89
What is the highest common divisor of 11928 and 46143468?
5964
What is the greatest common divisor of 110024 and 42296?
136
Calculate the greatest common divisor of 6489060 and 276.
12
What is the highest common divisor of 519658562 and 37?
37
Calculate the greatest common divisor of 221 and 1111562.
17
What is the greatest common factor of 300744343 and 33545?
6709
What is the highest common factor of 70637714 and 126?
14
What is the highest common divisor of 997 and 60304542?
997
Calculate the highest common factor of 14 and 4752071842.
14
What is the greatest common factor of 5837222 and 56?
2
What is the greatest common divisor of 539 and 3991218?
77
What is the greatest common divisor of 1362 and 29924?
2
What is the highest common divisor of 542 and 99278?
2
What is the greatest common factor of 20416 and 829632?
1856
What is the greatest common divisor of 126021 and 210579?
51
What is the greatest common divisor of 2005 and 83240?
5
What is the greatest common divisor of 32692585 and 435?
5
What is the greatest common divisor of 5726 and 60774?
14
What is the highest common factor of 996393 and 112236?
597
Calculate the greatest common factor of 11088829 and 92.
23
Calculate the highest common factor of 2654 and 254468174.
2654
What is the highest common divisor of 215 and 807062915?
215
What is the greatest common factor of 636540 and 228660?
6180
Calculate the highest common factor of 270 and 50916330.
270
Calculate the highest common divisor of 1273852 and 6913.
31
What is the highest common divisor of 43 and 54141257?
43
Calculate the highest common divisor of 1161687 and 3558.
1779
What is the highest common factor of 34430837 and 47?
47
What is the greatest common factor of 310623011 and 907?
907
What is the highest common divisor of 24348 and 35271?
3
Calculate the greatest common factor of 1288 and 851000.
184
Calculate the highest common factor of 49292828 and 20826.
2314
What is the greatest common factor of 42885 and 92835?
45
Calculate the greatest common divisor of 2128 and 11068640.
304
Calculate the greatest common divisor of 90 and 9701680.
10
What is the greatest common factor of 2051194 and 708?
118
Calculate the highest common factor of 493 and 84436603.
493
Calculate the highest common factor of 478 and 256937906.
478
What is the highest common factor of 22960616 and 100?
4
What is the highest common divisor of 854136 and 936?
72
What is the highest common factor of 414021 and 489?
3
What is the greatest common factor of 40950 and 126525?
525
What is the highest common factor of 788 and 546932?
4
Calculate the highest common divisor of 330338 and 147704.
998
What is the highest common factor of 124 and 199342214?
62
Calculate the highest common factor of 123998 and 22599938.
1042
What is the greatest common factor of 863132 and 164?
164
What is the highest common factor of 33242 and 4112942?
3022
What is the greatest common factor of 67932 and 18462?
102
What is the highest common divisor of 4570491 and 1081?
23
What is the greatest common factor of 160242 and 875047?
1571
Calculate the greatest common divisor of 180460 and 3745.
35
Calculate the highest common divisor of 7714 and 716970016.
7714
Calculate the highest common divisor of 172677832 and 232.
232
Calculate the highest common factor of 7836240 and 960.
240
What is the greatest common factor of 34190 and 2290?
10
Calculate the greatest common factor of 45778611 and 140060.
7003
Calculate the greatest common divisor of 661 and 3233612.
661
Calculate the greatest common divisor of 876 and 18350886.
438
What is the greatest common divisor of 171423 and 115857?
189
Calculate the greatest common factor of 460 and 801060.
20
What is the greatest common divisor of 12595076 and 166842?
598
Calculate the highest common divisor of 136 and 179052398.
34
Calculate the greatest common divisor of 251 and 295435283.
251
Calculate the greatest common factor of 58616 and 1306792.
3448
Calculate the greatest common factor of 236544972 and 92.
92
What is the highest common divisor of 27 and 7206876?
9
Calculate the greatest common factor of 52 and 16144276.
4
What is the highest common divisor of 88 and 656241740?
44
What is the greatest common factor of 6766845 and 1025?
205
Calculate the greatest common factor of 780 and 29429010.
390
Calculate the greatest common divisor of 35623 and 68.
1
Calculate the highest common factor of 1742400 and 681714.
2178
What is the highest common factor of 4247862 and 2958?
174
Calculate the highest common factor of 6652 and 1323595004.
6652
Calculate the highest common divisor of 128 and 1776784.
16
Calculate the highest common factor of 9512 and 6469349.
1189
Calculate the highest common factor of 891 and 164884962.
33
What is the highest common factor of 169 and 90641083?
13
What is the greatest common divisor of 1758 and 10412634?
1758
What is the highest common factor of 15538344 and 36?
12
What is the highest common factor of 9030 and 123830?
70
Calculate the greatest common divisor of 13245 and 1913240250.
13245
What is the highest common divisor of 1892 and 4947107?
473
What is the greatest common divisor of 63893 and 802011?
181
Calculate the highest common factor of 69 and 4196061.
3
What is the highest common divisor of 30296 and 13384?
56
Calculate the highest common divisor of 222 and 388950.
6
What is the highest common divisor of 1749 and 77176?
11
Calculate the highest common divisor of 4258912 and 61264.
112
What is the highest common divisor of 819 and 15098811?
273
What is the highest common divisor of 4356261 and 3159?
3159
Calculate the greatest common factor of 55002698 and 1214.
1214
What is the greatest common divisor of 82 and 618220878?
82
What is the highest common factor of 39026 and 56230462?
3002
What is the greatest common factor 